What is the highest common factor of 194786 and 289?
289
Calculate the highest common factor of 546747 and 465.
93
What is the highest common factor of 1683 and 35717?
187
What is the highest common divisor of 11 and 214247?
11
Calculate the greatest common divisor of 64 and 2204528.
16
Calculate the highest common divisor of 506848 and 33700.
1348
What is the highest common factor of 4681 and 22197?
151
What is the highest common divisor of 14600 and 230?
10
What is the greatest common factor of 72 and 20997?
9
What is the greatest common factor of 328 and 17369896?
328
Calculate the greatest common factor of 8062 and 638.
58
What is the highest common divisor of 16821 and 1890?
189
Calculate the highest common factor of 339 and 363.
3
Calculate the greatest common divisor of 7769860 and 1311.
437
Calculate the highest common divisor of 3530 and 10943.
353
Calculate the highest common factor of 34 and 11447902.
34
What is the highest common factor of 1254 and 1111?
11
What is the greatest common divisor of 154325 and 200?
25
Calculate the greatest common divisor of 240136 and 312.
104
What is the highest common factor of 4876 and 18656?
212
Calculate the highest common divisor of 724 and 1954076.
724
What is the greatest common divisor of 8308 and 124?
124
What is the greatest common factor of 5797 and 7161?
341
Calculate the highest common factor of 234 and 6591.
39
Calculate the greatest common divisor of 22 and 1173865.
11
What is the highest common divisor of 14728 and 2716?
28
Calculate the highest common divisor of 742328 and 64.
8
What is the greatest common divisor of 425169 and 162?
81
Calculate the highest common factor of 221712 and 32.
16
Calculate the highest common divisor of 3264 and 1792.
64
Calculate the greatest common factor of 336 and 6624.
48
What is the highest common factor of 58 and 5481464?
58
Calculate the greatest common divisor of 1104887 and 7.
7
What is the greatest common factor of 8 and 12632?
8
What is the greatest common factor of 1457 and 7099?
31
Calculate the highest common factor of 1150 and 1541.
23
What is the highest common factor of 15728 and 88?
8
What is the greatest common divisor of 173824 and 616?
56
What is the highest common divisor of 7029 and 123?
3
Calculate the highest common factor of 436 and 2342.
2
Calculate the highest common divisor of 1125 and 16575.
75
What is the highest common factor of 2960 and 185185?
185
What is the highest common divisor of 718651 and 185?
37
Calculate the greatest common divisor of 43842 and 96.
6
Calculate the highest common factor of 17600 and 192.
64
What is the highest common factor of 1677402 and 54?
54
Calculate the highest common factor of 35 and 42840.
35
What is the highest common factor of 51 and 2786?
1
What is the greatest common factor of 883768 and 488?
488
What is the highest common divisor of 22231 and 141?
47
What is the highest common factor of 232575 and 525?
525
What is the highest common factor of 2 and 56294?
2
Calculate the highest common factor of 87 and 25698.
3
Calculate the highest common factor of 495 and 10350.
45
What is the highest common factor of 196 and 566342?
98
Calculate the highest common divisor of 4982 and 371.
53
Calculate the highest common factor of 5733497 and 1463.
1463
What is the highest common divisor of 1676400 and 330?
330
What is the highest common factor of 1546623 and 26?
13
Calculate the highest common divisor of 35819 and 98.
49
What is the greatest common factor of 120 and 6390?
30
Calculate the greatest common factor of 2426680 and 95.
95
What is the greatest common divisor of 29 and 5914?
1
Calculate the greatest common factor of 451241 and 49.
49
What is the highest common factor of 2080107 and 243?
27
What is the highest common factor of 3325386 and 46?
46
Calculate the greatest common divisor of 422 and 2990503.
211
What is the highest common factor of 3267 and 168102?
297
What is the highest common factor of 296 and 73186?
74
What is the highest common factor of 188 and 252704?
4
What is the highest common factor of 106282 and 22?
22
What is the greatest common divisor of 32 and 461248?
32
Calculate the greatest common factor of 6721 and 264704.
517
Calculate the highest common factor of 1522 and 533.
1
What is the highest common divisor of 286 and 28171?
143
Calculate the greatest common divisor of 177245 and 20.
5
Calculate the highest common factor of 105519 and 17.
17
What is the greatest common factor of 272 and 1326?
34
Calculate the greatest common divisor of 71114 and 259.
37
What is the greatest common divisor of 2109 and 6900648?
2109
What is the highest common divisor of 801182 and 506?
46
Calculate the highest common factor of 391 and 24261550.
391
What is the highest common divisor of 77 and 1012143?
11
Calculate the greatest common divisor of 1365 and 20440.
35
Calculate the highest common factor of 55 and 147323.
11
Calculate the greatest common factor of 16153 and 232.
29
Calculate the greatest common divisor of 28 and 1179346.
14
Calculate the highest common factor of 184126 and 1548.
86
Calculate the greatest common factor of 916 and 28136.
4
What is the highest common factor of 77 and 118426?
77
What is the greatest common factor of 38346 and 48510?
462
Calculate the highest common factor of 448550 and 1400.
50
Calculate the highest common factor of 867872 and 1480.
296
What is the highest common factor of 12845 and 245?
35
What is the highest common factor of 220 and 227260?
220
Calculate the highest common factor of 150480 and 2340.
180
What is the greatest common divisor of 13325 and 984?
41
What is the highest common divisor of 9880 and 836?
76
Calculate the greatest common factor of 710 and 30.
10
What is the highest common divisor of 378 and 448?
14
Calculate the highest common factor of 84676 and 38.
2
Calculate the highest common factor of 23 and 428444.
23
Calculate the greatest common factor of 12587 and 2763.
307
What is the highest common divisor of 630 and 552762?
126
What is the greatest common divisor of 42 and 29841?
21
What is the greatest common divisor of 485921 and 92?
23
What is the greatest common divisor of 36 and 210996?
36
What is the greatest common factor of 605523 and 837?
93
What is the highest common divisor of 6210 and 504?
18
Calculate the greatest common factor of 1854079 and 124.
31
Calculate the greatest common factor of 697386 and 188.
94
What is the highest common divisor of 168 and 117336?
24
What is the highest common factor of 80 and 636280?
40
Calculate the greatest common factor of 940 and 964064.
188
What is the greatest common divisor of 819453 and 377?
29
What is the highest common divisor of 1903 and 520903?
173
Calculate the highest common factor of 22023 and 9.
9
Calculate the greatest common factor of 525 and 229740.
105
Calculate the highest common factor of 34155 and 5.
5
Calculate the highest common factor of 689 and 325.
13
What is the greatest common divisor of 448923 and 3775?
151
Calculate the highest common divisor of 22 and 89221.
11
Calculate the greatest common divisor of 10405 and 1845847.
2081
What is the greatest common divisor of 22 and 112937?
11
What is the greatest common divisor of 11 and 80641?
11
Calculate the highest common factor of 11638 and 90574.
506
Calculate the greatest common factor of 87024 and 35076.
444
Calculate the highest common factor of 97627 and 3352.
419
Calculate the highest common divisor of 221340 and 24955.
1085
What is the highest common factor of 499506 and 882?
294
What is the greatest common factor of 1134 and 5982?
6
Calculate the greatest common factor of 256620 and 75.
15
Calculate the greatest common factor of 308 and 12914.
22
What is the highest common factor of 41347 and 173?
173
Calculate the highest common factor of 397776 and 312.
24
What is the highest common divisor of 210 and 588315?
105
Calculate the greatest common factor of 433 and 262398.
433
What is the highest common divisor of 3495 and 15?
15
What is the highest common factor of 91532 and 3969?
49
Calculate the greatest common divisor of 13192 and 799.
17
Calculate the highest common divisor of 50547 and 4233.
249
What is the highest common factor of 15407425 and 55?
55
What is the greatest common divisor of 93